ivided by f.
15
Suppose 2*b + 68 = -5*z + 170, -4*z - 64 = -b. Calculate the remainder when (b/(-12))/((-10)/45) is divided by 12.
9
Let l(j) = -j + 4. Let m be l(0). Suppose 0 = -m*x + x + 177. What is the remainder when x is divided by 15?
14
Let k(w) = 2*w**2 + 29*w + 57. Let q(z) = -z**3 - z**2 + 2*z + 6. Calculate the remainder when q(-4) is divided by k(-2).
4
Let v = -13 - -16. Suppose v*u = 144 + 60. What is the remainder when u is divided by 4/4 - (-13)/1?
12
Suppose 28 = 2*f - 0. Suppose -9 = 5*z - 24. Suppose -l = 5*j - 198, z*j + j - 3*l = 166. Calculate the remainder when j is divided by f.
12
Suppose -2*o = -0*o - d - 5, -2*o - 4*d - 10 = 0. Let f = o + -15. What is the remainder when 28 is divided by 3*(-1)/(-3) - f?
13
Suppose -1146 = -5*m + 5*y + 939, 2073 = 5*m - y. What is the remainder when m is divided by 21?
15
Let o = 364 + -281. Suppose 0*u - 80 = -4*d - 2*u, u = -2. What is the remainder when o is divided by d?
20
Suppose 0 = 5*k - 8*k - 12. Let v(u) = -u. Calculate the remainder when v(k) is divided by 3.
1
Let s = -344 + 369. Calculate the remainder when 98 is divided by s.
23
Let k(w) = -5*w - 3. Let t be k(-2). Let g = 12 - t. Suppose v - 4 = g*j, -2*v = v - 3*j - 24. What is the remainder when v is divided by 3?
0
Calculate the remainder when (-4)/((-16)/116)*2 is divided by 25.
8
Let s be 180/40*3*-2. Let v = s - -74. Suppose -27 = -2*c - 7. What is the remainder when v is divided by c?
7
Suppose 2*k + 121 = 3*u, 5*k + 123 = u + 87. Calculate the remainder when 177 is divided by u.
13
Suppose 2*t + 4*t - 30 = 0. Suppose -4*m = -0*m - 400. Suppose -3*z = -t*z + m. What is the remainder when z is divided by 13?
11
Let m be 4/(-3)*(-12 + 9). Let x(c) = 12 + 7*c + 0 - m + 6*c**2 - 6. What is the remainder when x(-3) is divided by 9?
8
Suppose 4*l + 2*n - 88 = 0, 1 = -4*l - 4*n + 97. Calculate the remainder when 252 is divided by l.
12
Suppose -2*i = 4, -l - 396 = -6*l - 2*i. Suppose 2*g + 2*g = l. Calculate the remainder when 76 is divided by g.
16
Let x(q) = 2*q + 43. What is the remainder when x(-14) is divided by 10?
5
Let o = 11 - 3. Suppose 5*p - 3*p + a = 45, -2*p + 4*a + 40 = 0. Calculate the remainder when p is divided by o.
6
Calculate the remainder when 20 + (2 - 1)*1 is divided by (-18)/21 - 6930/(-539).
9
Let i = 400 + -373. Calculate the remainder when 39 is divided by i.
12
Let i(s) = -2*s. Suppose 5*g - 3*q + 13 = -q, -2*g + 10 = 3*q. Let u = -14 + 21. What is the remainder when u is divided by i(g)?
1
Suppose j = 2, 199 = 4*y + 2*j - 293. Calculate the remainder when y is divided by (-2 - 0) + 41 + (-2)/(-1).
40
Let j(z) be the second derivative of 2*z**3/3 + 11*z**2/2 - 2*z. Suppose d + 41 = 2*k, 115 = 5*k - 9*d + 4*d. What is the remainder when j(10) is divided by k?
15
Suppose 138 = v + 10. Suppose 4*l - 6*l + v = 0. What is the remainder when l is divided by 33?
31
Suppose 30 = 5*c - 0*c. Suppose -z = -c*z + 85. Let l = -11 + z. What is the remainder when 15 is divided by l?
3
Let y = -2 + 4. Suppose p + 12 = 28. What is the remainder when y + 60 + (-2)/(-2) is divided by p?
15
Suppose -4*y = 17*y - 504. What is the remainder when 94 is divided by y?
22
Suppose -3*c + 5 = -49. Let y = -111 + 121. What is the remainder when c is divided by y/3 + 2/3?
2
Let s = 1 - 1. Suppose -2*h = -2*r, s*r - 2*h + 1 = -r. What is the remainder when 2 is divided by r?
0
Suppose 5*d - 9*d + 222 = -2*a, -117 = -2*d - a. Calculate the remainder when d is divided by 17.
6
Let s(j) = j + 35. Let w = 30 - -4. Suppose -2*k - w = 2*o, -k = 5*o - o + 68. Calculate the remainder when 52 is divided by s(o).
16
Suppose s + 3*d = d - 14, d = -s - 10. Let u = s - 0. What is the remainder when 20 is divided by 3*((-46)/u - 4)?
9
Let a = 298 + -238. What is the remainder when a is divided by 19?
3
Let a = -36 - -69. Suppose 53 = 3*l + 2*q, l = 6*l + 3*q - 90. What is the remainder when a is divided by l?
12
Suppose 3*h - 14 = 4*x, h - 4*h + 4 = -2*x. Calculate the remainder when 1/h + (-134)/(-4) is divided by 12.
9
Let v(y) = y**3 - 9*y**2 + 4*y - 28. Calculate the remainder when v(9) is divided by 5.
3
Let k = -296 - -431. What is the remainder when k is divided by 34?
33
Suppose -5*j - 14 + 139 = 0. Let y(k) = -14*k - 12. Let h be y(3). Let d = 127 + h. Calculate the remainder when d is divided by j.
23
Calculate the remainder when (2 - -2)/((-11434)/(-1270) - 9) is divided by 24.
22
Suppose 2*u + 4*j = 16, 17*j - 58 = -4*u + 22*j. Let b = -4 - -9. Calculate the remainder when u is divided by b.
2
Let o = 15 - 18. Let d(v) = -v**3 - 3*v**2 - 3*v - 2. Let c(z) = z**2 + z + 18. Calculate the remainder when c(0) is divided by d(o).
4
Suppose 0 = 5*y - 92 - 48. Let p = y + -23. Calculate the remainder when p is divided by 2.
1
Suppose -4*w + 5*o = -379, -2*w - 180*o = -178*o - 212. Calculate the remainder when w is divided by 27.
20
Suppose -3*p + 6*p - 270 = 0. Let t = p + -63. Let a(s) = 6*s**2 + 2*s - 1. Calculate the remainder when t is divided by a(1).
6
Let x(f) = f + 14. Let i be 68/(-8) + (-2)/(-4). What is the remainder when 2/3 - 49/(-3) is divided by x(i)?
5
Let t = 171 - 155. Let u = t - -15. Calculate the remainder when 92 is divided by u.
30
Calculate the remainder when 2 - (5 - 3/(3/37)) is divided by 10.
4
Let i(h) = 2*h - 11. Let f(r) = -1. Let x(b) = 2*f(b) + i(b). Let a = -9 + 27. Calculate the remainder when a is divided by x(10).
4
Let s = 66 + -33. Suppose -1 = i + 2. Calculate the remainder when s is divided by -3 + i + 3 + 15.
9
Let h(s) = 143*s**2 - s + 2. Let b be h(-2). Suppose 0 = -5*w - 61 + b. What is the remainder when w is divided by 21?
19
Let o(s) = 5*s**3 - 32*s**2 + 115*s - 23. Let h = 35 + 27. Calculate the remainder when o(4) is divided by h.
59
What is the remainder when 109 is divided by 0/(-1) + (47 - 19)?
25
Suppose 2438 - 2450 = -n. What is the remainder when 59 is divided by n?
11
Suppose 15 - 47 = 2*v + 4*f, -4*f = 20. Let u = 422 - 395. What is the remainder when u is divided by (-90)/(-4)*(-4)/v?
12
Suppose -7*h + 456 = -3*h + y, -h - 5*y = -95. Suppose -6*r + 1425 = -315. What is the remainder when h is divided by (r/(-20))/((-2)/4)?
28
Let z(t) = t + 2. Let d be z(2). Let j be (-520)/(-35) - 4/(-28). What is the remainder when 17 is divided by (j/d)/((-3)/(-8))?
7
Let c be -3 + -1 + (-19 - -27). What is the remainder when ((-74)/c)/(2/(-4)) is divided by 13?
11
Suppose -4*w + 813 - 673 = 0. Calculate the remainder when 68 is divided by w.
33
Let t = 663 - 580. Calculate the remainder when 414 is divided by t.
82
Suppose 21 = -2*k - 1. Let x = 6 - k. Suppose x = z - 31. What is the remainder when z is divided by 25?
23
Let t(j) = -20*j - 95. Let n = 5 - -4. What is the remainder when t(-6) is divided by n?
7
Suppose 1678*m = 1677*m + 215. What is the remainder when m is divided by 7?
5
Let y(u) = u**2 + 5*u + 7. Let z = 18 - 21. Let q = -11 - -12. Calculate the remainder when y(z) is divided by q.
0
Suppose 0 = 29*o - 32*o + 33. What is the remainder when 173 is divided by o?
8
Suppose 5*n + 2 + 252 = 3*f, 211 = -4*n + 5*f. Let s = n + 64. Suppose -7*a + 3*b + 26 = -3*a, 5*a = -4*b + 48. What is the remainder when s is divided by a?
7
Suppose -u + a = -0*u - 5, 18 = -2*u - 5*a. Suppose u + 3 = s. Calculate the remainder when 31 is divided by 17 - s*(-3)/(-12).
15
Let g(p) = -3*p**3 + 38*p**2 + 16*p - 12. What is the remainder when 38 is divided by g(13)?
11
Suppose 2*m + 500 = 5*v, -515 = 4*v - 9*v + 5*m. Suppose 3*j - 344 + v = 0. Calculate the remainder when j is divided by 17.
14
Suppose 0*k - k - 4*u = 0, 4*k - 12 = -4*u. Let i be 5/10 - (-6)/k. Suppose -i*r = r - 102. What is the remainder when r is divided by 18?
16
Suppose 7*m = 4*m. What is the remainder when 141*(0 - 2/(-6)) is divided by 27/1 - (2 + m)?
22
Let u = -482 - -524. Calculate the remainder when u is divided by 15.
12
Let i(g) = g**2 - 18*g - 26. Let x be i(19). Suppose -4*w - 5 = w, 2*t + 2*w = 202. What is the remainder when t is divided by (4 - -1) + (x - -28)?
24
Suppose 0 = 2*b + 2*b - 3*m - 1593, -5*b + 2*m = -1986. Suppose -w - 2*w = b. Calculate the remainder when (3/6)/((-2)/w) is divided by 12.
9
Suppose 0*k = -3*k + 288. Let m(u) = 3*u + 24. What is the remainder when k is divided by m(3)?
30
Calcu